hat is the tens digit of p?
3
Let q = -313 + 179. Let z = q + 210. What is the tens digit of z?
7
Let d be (6 + (-132)/20)/(1/(-5)). What is the units digit of 189/(-6)*((-26)/d - -2)?
0
Let y(l) = -l**2 + 3*l - 2. Let a be y(2). Let f = 8 - 4. Suppose f*p - r - 205 = a, 3*r + 154 = 3*p + 2*r. What is the tens digit of p?
5
Let d = -13 - -13. Suppose -w - 4*g + g = 0, d = -2*g + 2. What is the units digit of (-1)/(6/76)*w?
8
Suppose -4*p = 4*p - 2504. Suppose -159 = -4*t + p. What is the hundreds digit of t?
1
Let l(f) = -f**2 + 12*f + 16. Let c be l(13). Suppose 2 = -c*h + 14. Suppose -q = 4*n + 4*q - 160, h*q = 3*n - 120. What is the units digit of n?
0
Suppose 0 = 3*s - 4*o - 3488, -3*o = -2*o + 5. What is the hundreds digit of s?
1
Let u(o) = 33*o - 34. What is the tens digit of u(20)?
2
Let f(b) = -b**3 - 7*b**2 + 2. Let z be f(-7). Suppose 2*w = -z*w + 1144. What is the units digit of w?
6
Suppose 17*l = 52*l - 22960. What is the tens digit of l?
5
Let w be -14 + 32/4 + -4. What is the tens digit of (w - -7)/(3/(-49))?
4
Let q(d) = -44*d - 16. What is the hundreds digit of q(-14)?
6
Let z be (2*(-498)/(-48))/((-1)/(-8)). Suppose z = q - 0*q. What is the units digit of q?
6
Suppose -4*h - 2*r = 94, -r = 3*h + r + 72. Let s = 51 + h. What is the tens digit of s - (2 + -2)*-1?
2
Let v(u) be the second derivative of u**5/20 - 2*u**4/3 - 4*u**3/3 + 2*u**2 - 3*u. Let b be v(9). Suppose 2*r - b = 3. What is the units digit of r?
8
Let b(d) = d**3 + 6*d**2 - 6*d + 6. Let a be b(-7). Let j be (a - 2/(-4))*-168. Let r = 143 - j. What is the tens digit of r?
5
Let v = -5280 + 10037. What is the thousands digit of v?
4
Let r(p) = 2 + 0 + 0*p - p + 0 + 5*p**2. Let s be r(-2). Suppose -5*x + s = -x. What is the units digit of x?
6
Suppose -82*k - 200 = -87*k. Suppose -4*y = 2*w - 0*w - 70, 0 = y - 4*w - k. What is the units digit of y?
0
Let x(v) = 54*v**2 + 6*v + 16. What is the units digit of x(-5)?
6
Let n(q) = -2*q**3 + 44*q**2 - 26*q - 8. Let o be n(21). Suppose b - 9*b + o = 0. What is the units digit of b?
1
Suppose 57 = -0*j + j. Let q = 86 - j. Let y = q - 2. What is the units digit of y?
7
Let o = 148 + -143. What is the units digit of o?
5
Suppose -765 = -2*u - u. Let z = u + -106. What is the hundreds digit of z?
1
Let c(h) = 15*h - 7 - 9*h - 7*h. Suppose 5*j + 53 = -2*d, -d - 7 = 3*j - 6*d. What is the units digit of c(j)?
2
Suppose 10*b - 7*b - 3654 = 0. What is the tens digit of b?
1
Let q = -24 + 27. Suppose 36 + 4 = 5*t + 4*c, t - 27 = q*c. What is the units digit of t?
2
Suppose 0 = 2*g + 35 - 217. Suppose j = -0*j + g. What is the tens digit of j?
9
Let q(c) = 55*c - 104. What is the hundreds digit of q(43)?
2
What is the hundreds digit of (-70191)/(-90) + (35/(-50))/(-7)?
7
Let o = -38 - -212. Let r = 343 - o. What is the units digit of r?
9
Let t(o) = -4*o**2 - 4 - 4*o - 9*o + 2*o + 2*o**3 - o**3. Let f be t(6). What is the units digit of (-1 + f)*37/1?
7
What is the units digit of (-5)/(2/(-4752)*4)?
0
Let i(d) = -55*d - 26. What is the tens digit of i(-7)?
5
What is the units digit of (90 - (-2 - 5)) + -4?
3
Let x(s) = 50*s + 100. What is the tens digit of x(10)?
0
Suppose -2440 = -o + 5*t, 20*o + 4847 = 22*o + t. What is the thousands digit of o?
2
Let i = -1475 - -2653. What is the hundreds digit of i?
1
Suppose 2*q + 28*r - 27*r = 7400, -q = -4*r - 3700. What is the tens digit of q?
0
Suppose -o - 1 = -2*o. What is the tens digit of (3/(-4))/(o/(-76))?
5
Suppose 0 = -4*t + 67 - 71. What is the units digit of 98 + 1/((3 - t)/4)?
9
Let h = -6965 - -10433. What is the tens digit of h?
6
Let j be -2 + 748 + 0 + 4. Suppose z - 4*r - 193 = -0*r, 4*z - j = 5*r. What is the units digit of z?
5
Let b(l) = l**2 + 7*l - 5. Let s(k) = -k**2 + 7*k - 14. Let i be s(6). Let o be b(i). Suppose -o*t + 80 = -t. What is the units digit of t?
0
Let a(d) = -5*d**3 - 13*d**2 - 62*d + 9. What is the units digit of a(-8)?
3
Suppose 3*c - 16*c = 0. Suppose 4*p - 5*d = -c*p + 636, 20 = 5*d. What is the hundreds digit of p?
1
What is the tens digit of (-16)/(-64)*-12*(-6248)/6?
2
Suppose -3*u = 12*b - 9*b - 2460, 4*b + 4091 = 5*u. What is the units digit of u?
9
Suppose 0 = -u - 0*u + 3, -c - 6 = -3*u. Let o = c - -203. What is the hundreds digit of o?
2
Let i be -35 + 2 + 6/(-2). Let x = -26 - i. What is the units digit of (-172)/(-22) + x/55?
8
Let p be (-148)/6*(-6)/4. Suppose -5*z + 33 = -p. Suppose -y = y - z. What is the units digit of y?
7
Let r(x) = -x**3 + 5*x - 4. Suppose 0 = -0*i + 2*i - 3*d - 3, 3*i - 2 = 4*d. What is the units digit of r(i)?
2
Let g = -8 + 28. Let s = 22 - g. Suppose 6*i - i + 2*f - 219 = 0, -s*i + 82 = -2*f. What is the tens digit of i?
4
Suppose 2*p - 5*y = 785, 0 = -2*p + 2*y - 0*y + 788. Suppose -p + 138 = -r - t, -3*t = 4*r - 1033. What is the tens digit of r?
6
What is the tens digit of 43 + 0 + -1 - -3?
4
Suppose -10 = -3*i + 5*m - 2, -m = 4*i - 3. Suppose -i = p - 2. What is the units digit of p?
1
Suppose 3*h = -3*c + 18, -4*c - 24 - 24 = -4*h. Suppose m - 23 = -3*g, 4*m - 11 - h = 0. Suppose g*q = q + 30. What is the units digit of q?
6
Let f be -1 - 5/((-5)/1). Suppose 4*y - 60 = -2*v, f*y = 5*v + 5*y - 140. What is the tens digit of v?
2
Let l(u) be the second derivative of 23/2*u**2 + 1/6*u**3 + 0 - 3*u. What is the tens digit of l(-11)?
1
Let f = 37 - 3. Let j = f - 27. What is the units digit of j?
7
Let h(z) be the third derivative of z**5/20 - z**4/6 - z**3/2 - z**2. Suppose 0 = 5*b - 5, 0*y - 1 = 2*y + 5*b. What is the units digit of h(y)?
6
Suppose 5*m + 3*h + 812 = 0, 3*h - 769 = 5*m + 19. Let w = 234 + m. What is the units digit of w?
4
Suppose 5*o - 2*i + 6*i + 776 = 0, -16 = 4*i. Let t = o - -240. What is the units digit of t?
8
Suppose 0*f - f = -5*d - 388, -5*f - 10 = 0. Let z = -25 - d. What is the tens digit of z?
5
Suppose -5*q = -166 + 151. Suppose 2*z - t - 385 = -q*z, 0 = -2*z + 5*t + 177. What is the tens digit of z?
7
Let m = -23 + 26. Suppose 0*o - 336 = -m*o. Suppose -3*g = g - o. What is the tens digit of g?
2
Suppose 0 = -q - 3*m - 65, -q + 0*q = -2*m + 65. Let a = q - -99. What is the tens digit of a?
3
Let j be ((-8)/(-16))/((-2)/4). Let h = j + 15. What is the tens digit of 28 - 1 - 14/h?
2
What is the hundreds digit of (311/(-4))/(6/(-168))?
1
Suppose 0 = -5*q - 3*v - 12942, 5*v - 2 = 3. Let l = -1173 - q. What is the tens digit of 1/2 + l/48?
3
Let i(d) = 437*d - 19. What is the units digit of i(1)?
8
Let p = 46 - 44. Suppose -124 = -p*x - 88. What is the units digit of x?
8
Suppose z = 2*r + 479, 6*z = 2*z - 5*r + 1890. What is the tens digit of z?
7
Let c be ((-6)/(-4) - 2)*0. Suppose c = 5*g + 7 - 2. What is the tens digit of ((-46)/(-8))/(g/(-4))?
2
Suppose a = 2*u + 12, 5*a - 8*u = -3*u + 50. Suppose -276 + 52 = -a*f. What is the units digit of f?
8
What is the hundreds digit of ((-453)/4)/(((-45)/240)/1)?
6
Let q be (-2)/(-6)*(0 + 6). Suppose 2*d - 19 = q*z - 131, -4*z + 222 = -3*d. What is the units digit of z?
4
Let h(f) be the third derivative of -f**4/8 - f**3 + f**2. What is the units digit of h(-19)?
1
Suppose -n + 6*n + 5*v = -5, 3*n + 3 = -2*v. What is the tens digit of n/5 - 856/(-30)*6?
7
Suppose 12127 = 5*s - 343. What is the hundreds digit of s?
4
Let u = 54 + 154. Suppose 184 = 7*w - u. What is the tens digit of w?
5
Let g(r) = 1. Let u(f) = 35*f - 25. Let o(d) = -30*g(d) - u(d). Let p be o(-4). Suppose -4*j = j - p. What is the tens digit of j?
2
Suppose u - 4*u = 0. Suppose y + u = 3. What is the tens digit of (-65 + y)*2/(-4)?
3
Suppose -34*z + 36*z - 900 = 0. What is the hundreds digit of z?
4
What is the tens digit of (204/510)/((-3)/(-495*53))?
9
Suppose 2*z - 346 = -t - 124, -4*t = 5*z - 900. What is the hundreds digit of t?
2
Suppose 0 = -5*h + 7 + 13. Suppose 2*l + 0*l + w - 17 = 0, h*w = -l + 19. Let x = 8 - l. What is the units digit of x?
1
Suppose 828 = 2*m + 12. What is the tens digit of m?
0
Suppose -2*s - 5*k = -k - 20, 0 = -5*k + 20. Let i be 9 + (0 - (s - -2)). Suppose i*p - 149 = -4*l + 19, -123 = -3*p + 5*l. What is the units digit of p?
6
Let l(x) = 2*x**2 - 18*x - 43. What is the hundreds digit of l(30)?
2
Let u(c) = -c**3 + 6*c**2 - 4*c - 1. Let i be u(5). Let g(n) = n**3 - 3*n**2 - 3*n + 7. What is the units digit of g(i)?
1
Let f = -